{"id":296,"date":"2018-09-01T06:20:48","date_gmt":"2018-09-01T04:20:48","guid":{"rendered":"http:\/\/www.ecolesaintvincentdepaul-arles.fr\/?page_id=296"},"modified":"2024-03-15T15:33:21","modified_gmt":"2024-03-15T14:33:21","slug":"flash-info","status":"publish","type":"page","link":"https:\/\/www.ecolesaintvincentdepaul-arles.fr\/?page_id=296","title":{"rendered":"Infos \u00ab\u00a0Flash\u00a0\u00bb"},"content":{"rendered":"\n<figure class=\"wp-block-image size-large\"><a href=\"https:\/\/www.ecolesaintvincentdepaul-arles.fr\/wp-content\/uploads\/2024\/03\/AFFICHE-VIDE-GRENIER_Page_1-1.jpeg\"><img loading=\"lazy\" decoding=\"async\" width=\"724\" height=\"1024\" src=\"https:\/\/www.ecolesaintvincentdepaul-arles.fr\/wp-content\/uploads\/2024\/03\/AFFICHE-VIDE-GRENIER_Page_1-1-724x1024.jpeg\" alt=\"\" class=\"wp-image-16221\" srcset=\"https:\/\/www.ecolesaintvincentdepaul-arles.fr\/wp-content\/uploads\/2024\/03\/AFFICHE-VIDE-GRENIER_Page_1-1-724x1024.jpeg 724w, https:\/\/www.ecolesaintvincentdepaul-arles.fr\/wp-content\/uploads\/2024\/03\/AFFICHE-VIDE-GRENIER_Page_1-1-212x300.jpeg 212w, https:\/\/www.ecolesaintvincentdepaul-arles.fr\/wp-content\/uploads\/2024\/03\/AFFICHE-VIDE-GRENIER_Page_1-1-768x1086.jpeg 768w, https:\/\/www.ecolesaintvincentdepaul-arles.fr\/wp-content\/uploads\/2024\/03\/AFFICHE-VIDE-GRENIER_Page_1-1-1086x1536.jpeg 1086w, https:\/\/www.ecolesaintvincentdepaul-arles.fr\/wp-content\/uploads\/2024\/03\/AFFICHE-VIDE-GRENIER_Page_1-1-1448x2048.jpeg 1448w, https:\/\/www.ecolesaintvincentdepaul-arles.fr\/wp-content\/uploads\/2024\/03\/AFFICHE-VIDE-GRENIER_Page_1-1-250x354.jpeg 250w, https:\/\/www.ecolesaintvincentdepaul-arles.fr\/wp-content\/uploads\/2024\/03\/AFFICHE-VIDE-GRENIER_Page_1-1-400x566.jpeg 400w, https:\/\/www.ecolesaintvincentdepaul-arles.fr\/wp-content\/uploads\/2024\/03\/AFFICHE-VIDE-GRENIER_Page_1-1.jpeg 1654w\" sizes=\"auto, (max-width: 724px) 100vw, 724px\" \/><\/a><\/figure>\n\n\n\n<h3 class=\"wp-block-heading\">\u00ab\u00a0<strong>Op\u00e9ration bol de riz\u00a0\u00bb<\/strong><\/h3>\n\n\n\n<p>Chers parents,<br>\u00a0<br>Cette ann\u00e9e notre \u00e9tablissement va\u00a0soutenir un\u00a0 Projet Rosalie dans le cadre de l&rsquo;action de Car\u00eame.<br>\u00a0\u00ab\u00a0Les Projets Rosalie\u00a0\u00bb sont une plateforme de financement participatif cr\u00e9\u00e9e en 2015 pour soutenir les actions des Filles de la Charit\u00e9 (notre tutelle) \u00e0 travers le monde, au<br>service des plus pauvres et des plus fragiles.<br>Nous vous proposons de d\u00e9couvrir le projet choisi\u00a0 Mon village au bout du monde (Mauritanie) <a href=\"https:\/\/youtu.be\/pRHUf8bdz1s\" target=\"_blank\" rel=\"noreferrer noopener\">https:\/\/youtu.be\/pRHUf8bdz1s<\/a><br>Nous invitons chaque enfant et adulte \u00e0 participer \u00e0 \u00ab\u00a0l&rsquo;op\u00e9ration bol de riz\u00a0\u00bb le mardi 26 mars pour rendre \u00e0 un enfant moins chanceux le sourire le temps d\u2019un instant<br>pr\u00e9cieux.<br>Alors merci pour eux, vraiment merci.<br>Un repas frugal (riz \u00e0 la tomate et fruit) sera servi \u00e0 la cantine pour les \u00e9l\u00e8ves et lesparents qui le d\u00e9sirent, au prix d\u2019un repas normal .\u00a0<br>Pour les enfants qui souhaitent participer il suffira de les inscrire via le portail NOEFIL avant le 21 mars. Pour les parents merci de de me faire part de votre pr\u00e9sence sur<br>Pronote (\u00e0 l&rsquo;attention de la direction).<br>Si vous ne pouvez pas \u00eatre pr\u00e9sents ce jour-l\u00e0 vous avez la possibilit\u00e9 de soutenir ce projet en apportant votre participation au secr\u00e9tariat de l\u2019\u00e9cole.<br>Bonne route vers P\u00e2ques.<br>\u00a0<br>Pour la communaut\u00e9 \u00e9ducative\u00a0<br>Nathalie Macchi<\/p>\n\n\n\n<p><\/p>\n\n\n\n<p><\/p>\n","protected":false},"excerpt":{"rendered":"<p>\u00ab\u00a0Op\u00e9ration bol de riz\u00a0\u00bb Chers parents,\u00a0Cette ann\u00e9e notre \u00e9tablissement va\u00a0soutenir un\u00a0 Projet Rosalie dans le cadre de l&rsquo;action de Car\u00eame.\u00a0\u00ab\u00a0Les Projets Rosalie\u00a0\u00bb sont une plateforme de financement participatif cr\u00e9\u00e9e en 2015 pour soutenir les actions des Filles de la Charit\u00e9 &hellip; <a href=\"https:\/\/www.ecolesaintvincentdepaul-arles.fr\/?page_id=296\">Continuer la lecture <span class=\"meta-nav\">&rarr;<\/span><\/a><\/p>\n","protected":false},"author":13,"featured_media":0,"parent":13,"menu_order":3,"comment_status":"closed","ping_status":"closed","template":"","meta":{"footnotes":""},"class_list":["post-296","page","type-page","status-publish","hentry"],"_links":{"self":[{"href":"https:\/\/www.ecolesaintvincentdepaul-arles.fr\/index.php?rest_route=\/wp\/v2\/pages\/296","targetHints":{"allow":["GET"]}}],"collection":[{"href":"https:\/\/www.ecolesaintvincentdepaul-arles.fr\/index.php?rest_route=\/wp\/v2\/pages"}],"about":[{"href":"https:\/\/www.ecolesaintvincentdepaul-arles.fr\/index.php?rest_route=\/wp\/v2\/types\/page"}],"author":[{"embeddable":true,"href":"https:\/\/www.ecolesaintvincentdepaul-arles.fr\/index.php?rest_route=\/wp\/v2\/users\/13"}],"replies":[{"embeddable":true,"href":"https:\/\/www.ecolesaintvincentdepaul-arles.fr\/index.php?rest_route=%2Fwp%2Fv2%2Fcomments&post=296"}],"version-history":[{"count":56,"href":"https:\/\/www.ecolesaintvincentdepaul-arles.fr\/index.php?rest_route=\/wp\/v2\/pages\/296\/revisions"}],"predecessor-version":[{"id":16231,"href":"https:\/\/www.ecolesaintvincentdepaul-arles.fr\/index.php?rest_route=\/wp\/v2\/pages\/296\/revisions\/16231"}],"up":[{"embeddable":true,"href":"https:\/\/www.ecolesaintvincentdepaul-arles.fr\/index.php?rest_route=\/wp\/v2\/pages\/13"}],"wp:attachment":[{"href":"https:\/\/www.ecolesaintvincentdepaul-arles.fr\/index.php?rest_route=%2Fwp%2Fv2%2Fmedia&parent=296"}],"curies":[{"name":"wp","href":"https:\/\/api.w.org\/{rel}","templated":true}]}}

<figure class="wp-block-image size-large"><a href="https://www.ecolesaintvincentdepaul-arles.fr/wp-content/uploads/2024/03/AFFICHE-VIDE-GRENIER_Page_1-1.jpeg"><img loading="lazy" decoding="async" width="724" height="1024" src="https://www.ecolesaintvincentdepaul-arles.fr/wp-content/uploads/2024/03/AFFICHE-VIDE-GRENIER_Page_1-1-724x1024.jpeg" alt="" class="wp-image-16221" srcset="https://www.ecolesaintvincentdepaul-arles.fr/wp-content/uploads/2024/03/AFFICHE-VIDE-GRENIER_Page_1-1-724x1024.jpeg 724w, https://www.ecolesaintvincentdepaul-arles.fr/wp-content/uploads/2024/03/AFFICHE-VIDE-GRENIER_Page_1-1-212x300.jpeg 212w, https://www.ecolesaintvincentdepaul-arles.fr/wp-content/uploads/2024/03/AFFICHE-VIDE-GRENIER_Page_1-1-768x1086.jpeg 768w, https://www.ecolesaintvincentdepaul-arles.fr/wp-content/uploads/2024/03/AFFICHE-VIDE-GRENIER_Page_1-1-1086x1536.jpeg 1086w, https://www.ecolesaintvincentdepaul-arles.fr/wp-content/uploads/2024/03/AFFICHE-VIDE-GRENIER_Page_1-1-1448x2048.jpeg 1448w, https://www.ecolesaintvincentdepaul-arles.fr/wp-content/uploads/2024/03/AFFICHE-VIDE-GRENIER_Page_1-1-250x354.jpeg 250w, https://www.ecolesaintvincentdepaul-arles.fr/wp-content/uploads/2024/03/AFFICHE-VIDE-GRENIER_Page_1-1-400x566.jpeg 400w, https://www.ecolesaintvincentdepaul-arles.fr/wp-content/uploads/2024/03/AFFICHE-VIDE-GRENIER_Page_1-1.jpeg 1654w" sizes="auto, (max-width: 724px) 100vw, 724px" /></a></figure>



<h3 class="wp-block-heading">« <strong>Opération bol de riz »</strong></h3>



<p>Chers parents,<br> <br>Cette année notre établissement va soutenir un  Projet Rosalie dans le cadre de l&rsquo;action de Carême.<br> « Les Projets Rosalie » sont une plateforme de financement participatif créée en 2015 pour soutenir les actions des Filles de la Charité (notre tutelle) à travers le monde, au<br>service des plus pauvres et des plus fragiles.<br>Nous vous proposons de découvrir le projet choisi  Mon village au bout du monde (Mauritanie) <a href="https://youtu.be/pRHUf8bdz1s" target="_blank" rel="noreferrer noopener">https://youtu.be/pRHUf8bdz1s</a><br>Nous invitons chaque enfant et adulte à participer à « l&rsquo;opération bol de riz » le mardi 26 mars pour rendre à un enfant moins chanceux le sourire le temps d’un instant<br>précieux.<br>Alors merci pour eux, vraiment merci.<br>Un repas frugal (riz à la tomate et fruit) sera servi à la cantine pour les élèves et lesparents qui le désirent, au prix d’un repas normal . <br>Pour les enfants qui souhaitent participer il suffira de les inscrire via le portail NOEFIL avant le 21 mars. Pour les parents merci de de me faire part de votre présence sur<br>Pronote (à l&rsquo;attention de la direction).<br>Si vous ne pouvez pas être présents ce jour-là vous avez la possibilité de soutenir ce projet en apportant votre participation au secrétariat de l’école.<br>Bonne route vers Pâques.<br> <br>Pour la communauté éducative <br>Nathalie Macchi</p>



<p></p>



<p></p>

<p>« Opération bol de riz » Chers parents, Cette année notre établissement va soutenir un  Projet Rosalie dans le cadre de l&rsquo;action de Carême. « Les Projets Rosalie » sont une plateforme de financement participatif créée en 2015 pour soutenir les actions des Filles de la Charité &hellip; <a href="https://www.ecolesaintvincentdepaul-arles.fr/?page_id=296">Continuer la lecture <span class="meta-nav">&rarr;</span></a></p>
