{"id":38,"date":"2014-01-20T20:41:25","date_gmt":"2014-01-20T19:41:25","guid":{"rendered":"http:\/\/www.ecolesaintvincentdepaul-arles.fr\/?page_id=38"},"modified":"2016-01-19T14:40:52","modified_gmt":"2016-01-19T13:40:52","slug":"ogec","status":"publish","type":"page","link":"https:\/\/www.ecolesaintvincentdepaul-arles.fr\/?page_id=38","title":{"rendered":"Ogec"},"content":{"rendered":"<p>Les O.G.E.C. (Organismes de Gestion des \u00c9tablissements Catholiques) sont des associations r\u00e9gies par la loi de 1901. Initi\u00e9s par l&rsquo;Enseignement Catholique, Ils sont au service des \u00e9tablissements.<br \/>\n<strong><br \/>\nR\u00f4le des O.G.E.C.<\/strong><\/p>\n<p>Les O.G.E.C g\u00e8rent le calcul et le suivi du budget, la tenue des comptes, la d\u00e9termination de la contribution demand\u00e9e aux familles, du prix de la cantine.<br \/>\nL&#8217;emploi et le suivi des versements \u00e0 la charge de l&rsquo;\u00e9tat et des collectivit\u00e9s territoriales, le paiement des charges de fonctionnement de l&rsquo;\u00e9tablissement, la souscription et la r\u00e9vision des assurances sont autant de t\u00e2ches qui lui incombent dans le domaine \u00e9conomique et financier.<\/p>\n<p>En ce qui concerne la gestion des locaux, l&rsquo;O.G.E.C. doit veiller \u00e0 leur entretien, \u00e0 leur r\u00e9novation, \u00e0 leur am\u00e9nagement et \u00e0 leur agrandissement. Il doit \u00e9galement se pr\u00e9occuper des questions d&rsquo;hygi\u00e8ne et de s\u00e9curit\u00e9.<\/p>\n<p>Les personnes qui composent cet organisme sont des membres de droit et des membres \u00e9lus.<\/p>\n<p>&nbsp;<\/p>\n","protected":false},"excerpt":{"rendered":"<p>Les O.G.E.C. (Organismes de Gestion des \u00c9tablissements Catholiques) sont des associations r\u00e9gies par la loi de 1901. Initi\u00e9s par l&rsquo;Enseignement Catholique, Ils sont au service des \u00e9tablissements. R\u00f4le des O.G.E.C. Les O.G.E.C g\u00e8rent le calcul et le suivi du budget, &hellip; <a href=\"https:\/\/www.ecolesaintvincentdepaul-arles.fr\/?page_id=38\">Continuer la lecture <span class=\"meta-nav\">&rarr;<\/span><\/a><\/p>\n","protected":false},"author":13,"featured_media":0,"parent":0,"menu_order":6,"comment_status":"closed","ping_status":"closed","template":"","meta":{"footnotes":""},"class_list":["post-38","page","type-page","status-publish","hentry"],"_links":{"self":[{"href":"https:\/\/www.ecolesaintvincentdepaul-arles.fr\/index.php?rest_route=\/wp\/v2\/pages\/38","targetHints":{"allow":["GET"]}}],"collection":[{"href":"https:\/\/www.ecolesaintvincentdepaul-arles.fr\/index.php?rest_route=\/wp\/v2\/pages"}],"about":[{"href":"https:\/\/www.ecolesaintvincentdepaul-arles.fr\/index.php?rest_route=\/wp\/v2\/types\/page"}],"author":[{"embeddable":true,"href":"https:\/\/www.ecolesaintvincentdepaul-arles.fr\/index.php?rest_route=\/wp\/v2\/users\/13"}],"replies":[{"embeddable":true,"href":"https:\/\/www.ecolesaintvincentdepaul-arles.fr\/index.php?rest_route=%2Fwp%2Fv2%2Fcomments&post=38"}],"version-history":[{"count":0,"href":"https:\/\/www.ecolesaintvincentdepaul-arles.fr\/index.php?rest_route=\/wp\/v2\/pages\/38\/revisions"}],"wp:attachment":[{"href":"https:\/\/www.ecolesaintvincentdepaul-arles.fr\/index.php?rest_route=%2Fwp%2Fv2%2Fmedia&parent=38"}],"curies":[{"name":"wp","href":"https:\/\/api.w.org\/{rel}","templated":true}]}}