{"id":458,"date":"2014-03-28T07:13:59","date_gmt":"2014-03-28T06:13:59","guid":{"rendered":"http:\/\/www.ecolesaintvincentdepaul-arles.fr\/?page_id=458"},"modified":"2026-03-10T09:45:05","modified_gmt":"2026-03-10T08:45:05","slug":"dossier","status":"publish","type":"page","link":"https:\/\/www.ecolesaintvincentdepaul-arles.fr\/?page_id=458","title":{"rendered":"Dossier Inscription \/ r\u00e9inscription 2026\/2027"},"content":{"rendered":"<p><strong>&#8211; DOSSIER D&rsquo;INSCRIPTION OU DE R\u00c9INSCRIPTION 2025\/2026<\/strong><strong> :<\/strong><\/p>\n<p><strong> Pour les nouvelles inscriptions<\/strong> : <span style=\"color: #ff0000;\">le dossier n&rsquo;est \u00e0 t\u00e9l\u00e9charger qu&rsquo;apr\u00e8s le rendez-vous avec le Chef d&rsquo;\u00e9tablissement<\/span>. Merci de contacter le secr\u00e9tariat de l&rsquo;\u00e9cole (04 90 96 04 28).<\/p>\n<ul>\n<li>\u00a0<a href=\"https:\/\/www.ecolesaintvincentdepaul-arles.fr\/wp-content\/uploads\/2026\/03\/Pieces-a-fournir-dossier-inscription-2026_2027.pdf\">Liste des pi\u00e8ces \u00e0 fournir pour une <strong>premi\u00e8re inscription<\/strong><\/a>,<\/li>\n<li>\u00a0<a href=\"https:\/\/www.ecolesaintvincentdepaul-arles.fr\/wp-content\/uploads\/2026\/03\/Pieces-a-fournir-dossier-reinscription-2026-2027.pdf\">\u00a0Liste des pi\u00e8ces \u00e0 fournir pour une <\/a><strong><a href=\"_wp_link_placeholder\">r\u00e9inscription<\/a>,<\/strong><\/li>\n<li>\u00a0<a href=\"https:\/\/www.ecolesaintvincentdepaul-arles.fr\/wp-content\/uploads\/2026\/02\/fiche-rens-ecole-2026_2027.pdf\">Fiche de renseignements,<\/a><\/li>\n<li><a href=\"https:\/\/www.ecolesaintvincentdepaul-arles.fr\/wp-content\/uploads\/2026\/02\/Contrat-de-scolarisation-2026-2027.pdf\">Contrat de scolarisation,<\/a><\/li>\n<li><a href=\"https:\/\/www.ecolesaintvincentdepaul-arles.fr\/wp-content\/uploads\/2026\/02\/Reglement-interieur-2-12-2025.pdf\"><em>R\u00e8glement int\u00e9rieur (document informatif),<\/em><\/a><\/li>\n<li><a href=\"https:\/\/www.ecolesaintvincentdepaul-arles.fr\/wp-content\/uploads\/2026\/02\/Avenant-financier-2026_2027.pdf\"><em>Avenant financier (document informatif),<\/em><\/a><\/li>\n<li><a href=\"https:\/\/www.ecolesaintvincentdepaul-arles.fr\/wp-content\/uploads\/2026\/02\/projet-educatif.pdf\"><em>Projet \u00e9ducatif (document informatif),<\/em><\/a><\/li>\n<li><a href=\"https:\/\/www.ecolesaintvincentdepaul-arles.fr\/wp-content\/uploads\/2026\/02\/Bulletin-dadhesion-2026-2027.pdf\">Bulletin d&rsquo;adh\u00e9sion \u00e0 l&rsquo;APEL,<\/a><\/li>\n<li>\u00a0<a href=\"https:\/\/www.ecolesaintvincentdepaul-arles.fr\/wp-content\/uploads\/2019\/08\/Autorisation-Mandat-de-Pr\u00e9l\u00e8vement-SEPA.pdf\"> Formulaire d&rsquo;autorisation de pr\u00e9l\u00e8vement,<\/a>\u00a0 <span style=\"color: #ff0000;\">Ne pas oublier de joindre un <strong>RIB <\/strong><\/span><span style=\"color: #000000;\">(relev\u00e9 d&rsquo;identit\u00e9 bancaire).<\/span><\/li>\n<\/ul>\n\n\n<p><\/p>\n","protected":false},"excerpt":{"rendered":"<p>&#8211; DOSSIER D&rsquo;INSCRIPTION OU DE R\u00c9INSCRIPTION 2025\/2026 : Pour les nouvelles inscriptions : le dossier n&rsquo;est \u00e0 t\u00e9l\u00e9charger qu&rsquo;apr\u00e8s le rendez-vous avec le Chef d&rsquo;\u00e9tablissement. Merci de contacter le secr\u00e9tariat de l&rsquo;\u00e9cole (04 90 96 04 28). \u00a0Liste des pi\u00e8ces &hellip; <a href=\"https:\/\/www.ecolesaintvincentdepaul-arles.fr\/?page_id=458\">Continuer la lecture <span class=\"meta-nav\">&rarr;<\/span><\/a><\/p>\n","protected":false},"author":13,"featured_media":0,"parent":13,"menu_order":3,"comment_status":"closed","ping_status":"closed","template":"","meta":{"footnotes":""},"class_list":["post-458","page","type-page","status-publish","hentry"],"_links":{"self":[{"href":"https:\/\/www.ecolesaintvincentdepaul-arles.fr\/index.php?rest_route=\/wp\/v2\/pages\/458","targetHints":{"allow":["GET"]}}],"collection":[{"href":"https:\/\/www.ecolesaintvincentdepaul-arles.fr\/index.php?rest_route=\/wp\/v2\/pages"}],"about":[{"href":"https:\/\/www.ecolesaintvincentdepaul-arles.fr\/index.php?rest_route=\/wp\/v2\/types\/page"}],"author":[{"embeddable":true,"href":"https:\/\/www.ecolesaintvincentdepaul-arles.fr\/index.php?rest_route=\/wp\/v2\/users\/13"}],"replies":[{"embeddable":true,"href":"https:\/\/www.ecolesaintvincentdepaul-arles.fr\/index.php?rest_route=%2Fwp%2Fv2%2Fcomments&post=458"}],"version-history":[{"count":94,"href":"https:\/\/www.ecolesaintvincentdepaul-arles.fr\/index.php?rest_route=\/wp\/v2\/pages\/458\/revisions"}],"predecessor-version":[{"id":16744,"href":"https:\/\/www.ecolesaintvincentdepaul-arles.fr\/index.php?rest_route=\/wp\/v2\/pages\/458\/revisions\/16744"}],"up":[{"embeddable":true,"href":"https:\/\/www.ecolesaintvincentdepaul-arles.fr\/index.php?rest_route=\/wp\/v2\/pages\/13"}],"wp:attachment":[{"href":"https:\/\/www.ecolesaintvincentdepaul-arles.fr\/index.php?rest_route=%2Fwp%2Fv2%2Fmedia&parent=458"}],"curies":[{"name":"wp","href":"https:\/\/api.w.org\/{rel}","templated":true}]}}